se
Is 506346439 a composite number?
False
Is 629054471 a composite number?
False
Is 3307253657 a prime number?
False
Is 34585836673 composite?
False
Is 37067757731 composite?
False
Is 3615624179 prime?
False
Is 361088831 composite?
True
Is 3856389829 composite?
True
Is 40922226143 prime?
True
Is 17170919737 composite?
False
Is 11650139 prime?
True
Is 321922961 prime?
True
Is 872226193 a prime number?
True
Is 50801244313 composite?
True
Is 929480801 composite?
False
Is 8794278637 a prime number?
False
Is 10011366139 a composite number?
True
Is 22907971013 a prime number?
False
Is 595075991135 composite?
True
Is 2083393127 a prime number?
True
Is 814543141 composite?
True
Is 3359119 composite?
True
Is 515259169 a composite number?
False
Is 7184771053 a composite number?
True
Is 638015705 a prime number?
False
Is 6347879453 a prime number?
True
Is 16155086819 a prime number?
True
Is 6927316393 a prime number?
True
Is 1830143953 prime?
False
Is 5876517613 composite?
False
Is 2519287 prime?
False
Is 379396793 a composite number?
True
Is 129340889383 a prime number?
True
Is 21156290521 a prime number?
True
Is 40467111 composite?
True
Is 1372653769 prime?
True
Is 130349049 composite?
True
Is 612109627 prime?
True
Is 256827793 a composite number?
False
Is 53242799 composite?
False
Is 189698629 a composite number?
True
Is 42192670327 composite?
False
Is 232478601911 prime?
False
Is 1970005109 a prime number?
False
Is 1324218241 a composite number?
False
Is 1764313051 prime?
True
Is 1557129257 a composite number?
False
Is 9072741517 a prime number?
False
Is 31878592523 a prime number?
True
Is 7083211 prime?
True
Is 601315567 a composite number?
False
Is 1264063373 composite?
True
Is 9945942221 prime?
True
Is 16258118245 prime?
False
Is 192996000539 composite?
False
Is 18972563843 prime?
False
Is 1909902289 a composite number?
True
Is 90808923901 a prime number?
True
Is 19745774777 prime?
True
Is 10584167005 prime?
False
Is 779035493 prime?
False
Is 1445952049 a prime number?
False
Is 4537086613 composite?
False
Is 1121605319 prime?
True
Is 5168039731 prime?
True
Is 105086977483 composite?
True
Is 182628299 composite?
True
Is 364671283 a composite number?
True
Is 121307543683 composite?
True
Is 284691271 a composite number?
False
Is 1112860873 a composite number?
False
Is 6872447207 prime?
False
Is 118115260629 prime?
False
Is 107356192063 a composite number?
True
Is 434924099 a prime number?
False
Is 287864149 a composite number?
False
Is 68973853463 a prime number?
False
Is 588992633 composite?
True
Is 1960669493 prime?
False
Is 16983392969 a prime number?
False
Is 464931205 prime?
False
Is 267404321 a prime number?
True
Is 7108996327 prime?
False
Is 7947723181 composite?
False
Is 76628165059 composite?
False
Is 2789647379 composite?
True
Is 18522987937 prime?
False
Is 60557894399 a composite number?
False
Is 264766083547 a composite number?
True
Is 656657227 a prime number?
False
Is 124023791 a prime number?
True
Is 1604103541 a composite number?
True
Is 9831803339 a composite number?
False
Is 17687185319 a composite number?
False
Is 35385110303 composite?
True
Is 158725451 prime?
True
Is 490468523 prime?
True
Is 635715497 a composite number?
True
Is 183949081 a composite number?
False
Is 424610863 composite?
False
Is 563338439 composite?
False
Is 249010524479 a prime number?
True
Is 1333880057 a prime number?
True
Is 778194517 composite?
True
Is 108806010539 composite?
False
Is 11882934157 prime?
True
Is 1315828751 composite?
False
Is 1062479393 a prime number?
False
Is 2222170933 composite?
False
Is 605185759 prime?
True
Is 18556966829 a composite number?
False
Is 2936106199 a prime number?
False
Is 20261614367 a prime number?
True
Is 3359823581 a prime number?
True
Is 923183801 a prime number?
False
Is 176044417 a prime number?
True
Is 368115593 composite?
False
Is 3799242319 composite?
False
Is 2546159749 a composite number?
True
Is 63582905278 a prime number?
False
Is 17528804957 prime?
False
Is 41729787889 a prime number?
False
Is 54973066 composite?
True
Is 4627757359 a prime number?
True
Is 66082711 composite?
False
Is 136975870489 prime?
True
Is 459697357211 a composite number?
False
Is 22943050063 composite?
False
Is 13550549477 prime?
True
Is 443487601 a prime number?
False
Is 1990348259 prime?
True
Is 921354059 prime?
True
Is 37535097689 prime?
True
Is 7106331373 composite?
False
Is 3046175777 composite?
False
Is 79818703589 a composite number?
True
Is 3447058631 a composite number?
True
Is 1037063113 composite?
True
Is 1927068001 a composite number?
False
Is 47565071431 prime?
False
Is 34521038243 a composite number?
False
Is 9823906709 a prime number?
True
Is 76154017213 a composite number?
True
Is 45145950671 a prime number?
False
Is 5966394073 prime?
False
Is 3780577561 prime?
False
Is 4151000707 prime?
False
Is 396300089 a prime number?
False
Is 254121473 composite?
True
Is 643970777 prime?
True
Is 21253317013 prime?
False
Is 16011183709 composite?
False
Is 1141295417 a prime number?
False
Is 164268716743 a prime number?
True
Is 78652393 composite?
False
Is 1561800301 a prime number?
True
Is 24739230305 a prime number?
False
Is 694995695 a prime number?
False
Is 1919399047 a composite number?
True
Is 170858447 prime?
False
Is 53880504961 a composite number?
True
Is 3947553691 a composite number?
False
Is 13531694807 composite?
True
Is 86686793455 composite?
True
Is 146947945511 a composite number?
True
Is 40314246149 prime?
True
Is 8939140769 a prime number?
False
Is 3454311841 a composite number?
False
Is 37912871 a composite number?
False
Is 2809194051 prime?
False
Is 2748955309 composite?
True
Is 11594410801 a composite number?
True
Is 97200899 prime?
True
Is 8027171791 composite?
True
Is 23052657181 composite?
False
Is 1137479351 a composite number?
False
Is 713350747 composite?
True
Is 2356201807 a prime number?
True
Is 1653760366 prime?
False
Is 246370793 a prime number?
True
Is 2475044422 composite?
True
Is 4905973331 a composite number?
True
Is 10753845079 composite?
False
Is 5791348361 composite?
True
Is 1319406377 composite?
False
Is 6271610271 a composite number?
True
Is 516669193 composite?
True
Is 28919038171 a composite number?
True
Is 771830459 composite?
False
Is 145179421 composite?
False
Is 6595364239 composite?
False
Is 6713300189 prime?
False
Is 458310907 prime?
True
Is 1640911267 a prime number?
False
Is 2297285971 prime?
False
Is 4532874389 composite?
True
Is 43472922301 composite?
True
Is 378032089 a prime number?
False
Is 15379349 composite?
False
Is 4931922973 prime?
False
Is 225327622321 prime?
False
Is 4917116639 prime?
False
Is 38689688593 a prime number?
False
Is 1507713083 a prime number?
False
Is 77955983395 composite?
True
Is 1526698951 a prime number?
False
Is 3750737449 composite?
False
Is 3236856329 a composite number?
True
Is 12033237169 prime?
False
Is 137342093911 prime?
False
Is 474525797 a prime number?
False
Is 1135291151 a composite number?
True
Is 1103927753 a composite number?
False
Is 3992321581 prime?
False
Is 63820648453 prime?
False
Is 568922763 a prime number?
False
Is 19518564623 prime?
False
Is 60235447717 a prime number?
True
Is 36713055523 a composite number?
False
Is 23036301667 prime?
True
Is 12350332663 composite?
True
Is 3105557293 composite?
False
Is 9485895947 composite?
True
Is 18791811749 a composite number?
False
Is 54755663063 prime?
True
Is 2969076263 a prime number?
False
Is 332848651 prime?
True
Is 12404012947 composite?
False
Is 11922453743 composite?
True
Is 62563640903 a prime number?
False
Is 166710352829 a composite number?
True
Is 402413897 a prime number?
True
Is 2894363113 prime?
True
Is 3954089369 a composite number?
False
Is 43726199719 prime?
True
Is 629382139 a prime number?
False
Is 1883242561 prime?
False
Is 12232567063 composite?
True
Is 5888347391 a prime number?
True
Is 98158673 a prime number?
True
Is 22337842199 prime?
False
Is 52231212391 prime?
False
Is 1927740457 composite?
False
Is 2289407171 a prime number?
True
Is 109536979907 a prime number?
True
Is 3136364711 prime?
False
Is 1394635447 a composite number?
True
Is 2425021993 a composite number?
False
Is 94728847 composite?
False
Is 7599316723 composite?
False
Is 68611168177 composite?
Fals